{"id":7331,"date":"2026-02-11T16:30:15","date_gmt":"2026-02-11T15:30:15","guid":{"rendered":"https:\/\/www.patientenbeteiligung.de\/nrw\/?post_type=tribe_events&#038;p=7331"},"modified":"2026-03-26T11:46:17","modified_gmt":"2026-03-26T10:46:17","slug":"jahrestagung-patientenbeteiligung-nrw","status":"publish","type":"tribe_events","link":"https:\/\/www.patientenbeteiligung.de\/nrw\/termin\/jahrestagung-patientenbeteiligung-nrw\/","title":{"rendered":"Jahrestagung Patientenbeteiligung NRW"},"content":{"rendered":"<p><strong>Save the date!<\/strong><\/p>\n<p>Am 27. November 2026 sind wieder alle Mitglieder aus den nordrhein-westf\u00e4lischen Selbsthilfe- und Patientenorganisationen sowie weitere Interessiere dazu eingeladen, sich im Dortmunder Reinoldinum zur Patientenorientierung des NRW-Gesundheitswesens auszutauschen. Ein Schwerpunktthema wird die anstehende Reform der Prim\u00e4rversorgung sein, die von der Politik auf Landes- und Bundesebene angesto\u00dfen wird. N\u00e4here Informationen zur Veranstaltung folgen im Laufe des Jahres.<\/p>\n","protected":false},"excerpt":{"rendered":"<p>Save the date! Am 27. November 2026 sind wieder alle Engagierte aus den nordrhein-westf\u00e4lischen Selbsthilfe- und Patientenorganisationen dazu eingeladen, sich im Dortmunder Reinoldinum zur Patientenorientierung des NRW-Gesundheitswesens auszutauschen. Ein Schwerpunktthema wird die anstehende Reform der Prim\u00e4rversorgung sein, die von der Politik auf Landes- und Bundesebene angesto\u00dfen wird. N\u00e4here Informationen zur Veranstaltung folgen in den kommenden Wochen.<\/p>\n","protected":false},"author":15,"featured_media":7249,"template":"","meta":{"_acf_changed":false,"_tribe_events_status":"","_tribe_events_status_reason":"","footnotes":""},"tags":[],"tribe_events_cat":[],"class_list":["post-7331","tribe_events","type-tribe_events","status-publish","has-post-thumbnail","hentry"],"acf":[],"yoast_head":"<!-- This site is optimized with the Yoast SEO plugin v24.9 - https:\/\/yoast.com\/wordpress\/plugins\/seo\/ -->\n<title>Jahrestagung Patientenbeteiligung NRW - Patientenbeteiligung NRW<\/title>\n<meta name=\"robots\" content=\"index, follow, max-snippet:-1, max-image-preview:large, max-video-preview:-1\" \/>\n<link rel=\"canonical\" href=\"https:\/\/www.patientenbeteiligung.de\/nrw\/termin\/jahrestagung-patientenbeteiligung-nrw\/\" \/>\n<meta property=\"og:locale\" content=\"de_DE\" \/>\n<meta property=\"og:type\" content=\"article\" \/>\n<meta property=\"og:title\" content=\"Jahrestagung Patientenbeteiligung NRW - Patientenbeteiligung NRW\" \/>\n<meta property=\"og:description\" content=\"Save the date! Am 27. November 2026 sind wieder alle Engagierte aus den nordrhein-westf\u00e4lischen Selbsthilfe- und Patientenorganisationen dazu eingeladen, sich im Dortmunder Reinoldinum zur Patientenorientierung des NRW-Gesundheitswesens auszutauschen. Ein Schwerpunktthema wird die anstehende Reform der Prim\u00e4rversorgung sein, die von der Politik auf Landes- und Bundesebene angesto\u00dfen wird. N\u00e4here Informationen zur Veranstaltung folgen in den kommenden Wochen.\" \/>\n<meta property=\"og:url\" content=\"https:\/\/www.patientenbeteiligung.de\/nrw\/termin\/jahrestagung-patientenbeteiligung-nrw\/\" \/>\n<meta property=\"og:site_name\" content=\"Patientenbeteiligung NRW\" \/>\n<meta property=\"article:modified_time\" content=\"2026-03-26T10:46:17+00:00\" \/>\n<meta property=\"og:image\" content=\"https:\/\/www.patientenbeteiligung.de\/nrw\/wp-content\/uploads\/sites\/12\/2025\/12\/20251121_141230-scaled.jpg\" \/>\n\t<meta property=\"og:image:width\" content=\"2560\" \/>\n\t<meta property=\"og:image:height\" content=\"1440\" \/>\n\t<meta property=\"og:image:type\" content=\"image\/jpeg\" \/>\n<meta name=\"twitter:card\" content=\"summary_large_image\" \/>\n<meta name=\"twitter:label1\" content=\"Gesch\u00e4tzte Lesezeit\" \/>\n\t<meta name=\"twitter:data1\" content=\"1\u00a0Minute\" \/>\n<script type=\"application\/ld+json\" class=\"yoast-schema-graph\">{\"@context\":\"https:\/\/schema.org\",\"@graph\":[{\"@type\":\"WebPage\",\"@id\":\"https:\/\/www.patientenbeteiligung.de\/nrw\/termin\/jahrestagung-patientenbeteiligung-nrw\/\",\"url\":\"https:\/\/www.patientenbeteiligung.de\/nrw\/termin\/jahrestagung-patientenbeteiligung-nrw\/\",\"name\":\"Jahrestagung Patientenbeteiligung NRW - Patientenbeteiligung NRW\",\"isPartOf\":{\"@id\":\"https:\/\/www.patientenbeteiligung.de\/nrw\/#website\"},\"primaryImageOfPage\":{\"@id\":\"https:\/\/www.patientenbeteiligung.de\/nrw\/termin\/jahrestagung-patientenbeteiligung-nrw\/#primaryimage\"},\"image\":{\"@id\":\"https:\/\/www.patientenbeteiligung.de\/nrw\/termin\/jahrestagung-patientenbeteiligung-nrw\/#primaryimage\"},\"thumbnailUrl\":\"https:\/\/www.patientenbeteiligung.de\/nrw\/wp-content\/uploads\/sites\/12\/2025\/12\/20251121_141230-scaled.jpg\",\"datePublished\":\"2026-02-11T15:30:15+00:00\",\"dateModified\":\"2026-03-26T10:46:17+00:00\",\"breadcrumb\":{\"@id\":\"https:\/\/www.patientenbeteiligung.de\/nrw\/termin\/jahrestagung-patientenbeteiligung-nrw\/#breadcrumb\"},\"inLanguage\":\"de\",\"potentialAction\":[{\"@type\":\"ReadAction\",\"target\":[\"https:\/\/www.patientenbeteiligung.de\/nrw\/termin\/jahrestagung-patientenbeteiligung-nrw\/\"]}]},{\"@type\":\"ImageObject\",\"inLanguage\":\"de\",\"@id\":\"https:\/\/www.patientenbeteiligung.de\/nrw\/termin\/jahrestagung-patientenbeteiligung-nrw\/#primaryimage\",\"url\":\"https:\/\/www.patientenbeteiligung.de\/nrw\/wp-content\/uploads\/sites\/12\/2025\/12\/20251121_141230-scaled.jpg\",\"contentUrl\":\"https:\/\/www.patientenbeteiligung.de\/nrw\/wp-content\/uploads\/sites\/12\/2025\/12\/20251121_141230-scaled.jpg\",\"width\":2560,\"height\":1440,\"caption\":\"Jahrestagung Patientenbeteiligung NRW 2025, \u00a9 Projektstelle Patientenbeteiligung NRW 2025\"},{\"@type\":\"BreadcrumbList\",\"@id\":\"https:\/\/www.patientenbeteiligung.de\/nrw\/termin\/jahrestagung-patientenbeteiligung-nrw\/#breadcrumb\",\"itemListElement\":[{\"@type\":\"ListItem\",\"position\":1,\"name\":\"Patientenbeteiligung\",\"item\":\"https:\/\/www.patientenbeteiligung.de\"},{\"@type\":\"ListItem\",\"position\":2,\"name\":\"Nordrhein-Westfalen\",\"item\":\"https:\/\/www.patientenbeteiligung.de\/nrw\/\"},{\"@type\":\"ListItem\",\"position\":3,\"name\":\"Veranstaltungen\",\"item\":\"https:\/\/www.patientenbeteiligung.de\/nrw\/termine\/\"},{\"@type\":\"ListItem\",\"position\":4,\"name\":\"Jahrestagung Patientenbeteiligung NRW\"}]},{\"@type\":\"WebSite\",\"@id\":\"https:\/\/www.patientenbeteiligung.de\/nrw\/#website\",\"url\":\"https:\/\/www.patientenbeteiligung.de\/nrw\/\",\"name\":\"Patientenbeteiligung NRW\",\"description\":\"\",\"potentialAction\":[{\"@type\":\"SearchAction\",\"target\":{\"@type\":\"EntryPoint\",\"urlTemplate\":\"https:\/\/www.patientenbeteiligung.de\/nrw\/?s={search_term_string}\"},\"query-input\":{\"@type\":\"PropertyValueSpecification\",\"valueRequired\":true,\"valueName\":\"search_term_string\"}}],\"inLanguage\":\"de\"}]}<\/script>\n<!-- \/ Yoast SEO plugin. -->","yoast_head_json":{"title":"Jahrestagung Patientenbeteiligung NRW - Patientenbeteiligung NRW","robots":{"index":"index","follow":"follow","max-snippet":"max-snippet:-1","max-image-preview":"max-image-preview:large","max-video-preview":"max-video-preview:-1"},"canonical":"https:\/\/www.patientenbeteiligung.de\/nrw\/termin\/jahrestagung-patientenbeteiligung-nrw\/","og_locale":"de_DE","og_type":"article","og_title":"Jahrestagung Patientenbeteiligung NRW - Patientenbeteiligung NRW","og_description":"Save the date! Am 27. November 2026 sind wieder alle Engagierte aus den nordrhein-westf\u00e4lischen Selbsthilfe- und Patientenorganisationen dazu eingeladen, sich im Dortmunder Reinoldinum zur Patientenorientierung des NRW-Gesundheitswesens auszutauschen. Ein Schwerpunktthema wird die anstehende Reform der Prim\u00e4rversorgung sein, die von der Politik auf Landes- und Bundesebene angesto\u00dfen wird. N\u00e4here Informationen zur Veranstaltung folgen in den kommenden Wochen.","og_url":"https:\/\/www.patientenbeteiligung.de\/nrw\/termin\/jahrestagung-patientenbeteiligung-nrw\/","og_site_name":"Patientenbeteiligung NRW","article_modified_time":"2026-03-26T10:46:17+00:00","og_image":[{"width":2560,"height":1440,"url":"https:\/\/www.patientenbeteiligung.de\/nrw\/wp-content\/uploads\/sites\/12\/2025\/12\/20251121_141230-scaled.jpg","type":"image\/jpeg"}],"twitter_card":"summary_large_image","twitter_misc":{"Gesch\u00e4tzte Lesezeit":"1\u00a0Minute"},"schema":{"@context":"https:\/\/schema.org","@graph":[{"@type":"WebPage","@id":"https:\/\/www.patientenbeteiligung.de\/nrw\/termin\/jahrestagung-patientenbeteiligung-nrw\/","url":"https:\/\/www.patientenbeteiligung.de\/nrw\/termin\/jahrestagung-patientenbeteiligung-nrw\/","name":"Jahrestagung Patientenbeteiligung NRW - Patientenbeteiligung NRW","isPartOf":{"@id":"https:\/\/www.patientenbeteiligung.de\/nrw\/#website"},"primaryImageOfPage":{"@id":"https:\/\/www.patientenbeteiligung.de\/nrw\/termin\/jahrestagung-patientenbeteiligung-nrw\/#primaryimage"},"image":{"@id":"https:\/\/www.patientenbeteiligung.de\/nrw\/termin\/jahrestagung-patientenbeteiligung-nrw\/#primaryimage"},"thumbnailUrl":"https:\/\/www.patientenbeteiligung.de\/nrw\/wp-content\/uploads\/sites\/12\/2025\/12\/20251121_141230-scaled.jpg","datePublished":"2026-02-11T15:30:15+00:00","dateModified":"2026-03-26T10:46:17+00:00","breadcrumb":{"@id":"https:\/\/www.patientenbeteiligung.de\/nrw\/termin\/jahrestagung-patientenbeteiligung-nrw\/#breadcrumb"},"inLanguage":"de","potentialAction":[{"@type":"ReadAction","target":["https:\/\/www.patientenbeteiligung.de\/nrw\/termin\/jahrestagung-patientenbeteiligung-nrw\/"]}]},{"@type":"ImageObject","inLanguage":"de","@id":"https:\/\/www.patientenbeteiligung.de\/nrw\/termin\/jahrestagung-patientenbeteiligung-nrw\/#primaryimage","url":"https:\/\/www.patientenbeteiligung.de\/nrw\/wp-content\/uploads\/sites\/12\/2025\/12\/20251121_141230-scaled.jpg","contentUrl":"https:\/\/www.patientenbeteiligung.de\/nrw\/wp-content\/uploads\/sites\/12\/2025\/12\/20251121_141230-scaled.jpg","width":2560,"height":1440,"caption":"Jahrestagung Patientenbeteiligung NRW 2025, \u00a9 Projektstelle Patientenbeteiligung NRW 2025"},{"@type":"BreadcrumbList","@id":"https:\/\/www.patientenbeteiligung.de\/nrw\/termin\/jahrestagung-patientenbeteiligung-nrw\/#breadcrumb","itemListElement":[{"@type":"ListItem","position":1,"name":"Patientenbeteiligung","item":"https:\/\/www.patientenbeteiligung.de"},{"@type":"ListItem","position":2,"name":"Nordrhein-Westfalen","item":"https:\/\/www.patientenbeteiligung.de\/nrw\/"},{"@type":"ListItem","position":3,"name":"Veranstaltungen","item":"https:\/\/www.patientenbeteiligung.de\/nrw\/termine\/"},{"@type":"ListItem","position":4,"name":"Jahrestagung Patientenbeteiligung NRW"}]},{"@type":"WebSite","@id":"https:\/\/www.patientenbeteiligung.de\/nrw\/#website","url":"https:\/\/www.patientenbeteiligung.de\/nrw\/","name":"Patientenbeteiligung NRW","description":"","potentialAction":[{"@type":"SearchAction","target":{"@type":"EntryPoint","urlTemplate":"https:\/\/www.patientenbeteiligung.de\/nrw\/?s={search_term_string}"},"query-input":{"@type":"PropertyValueSpecification","valueRequired":true,"valueName":"search_term_string"}}],"inLanguage":"de"}]}},"_links":{"self":[{"href":"https:\/\/www.patientenbeteiligung.de\/nrw\/wp-json\/wp\/v2\/tribe_events\/7331","targetHints":{"allow":["GET"]}}],"collection":[{"href":"https:\/\/www.patientenbeteiligung.de\/nrw\/wp-json\/wp\/v2\/tribe_events"}],"about":[{"href":"https:\/\/www.patientenbeteiligung.de\/nrw\/wp-json\/wp\/v2\/types\/tribe_events"}],"author":[{"embeddable":true,"href":"https:\/\/www.patientenbeteiligung.de\/nrw\/wp-json\/wp\/v2\/users\/15"}],"version-history":[{"count":9,"href":"https:\/\/www.patientenbeteiligung.de\/nrw\/wp-json\/wp\/v2\/tribe_events\/7331\/revisions"}],"predecessor-version":[{"id":7408,"href":"https:\/\/www.patientenbeteiligung.de\/nrw\/wp-json\/wp\/v2\/tribe_events\/7331\/revisions\/7408"}],"wp:featuredmedia":[{"embeddable":true,"href":"https:\/\/www.patientenbeteiligung.de\/nrw\/wp-json\/wp\/v2\/media\/7249"}],"wp:attachment":[{"href":"https:\/\/www.patientenbeteiligung.de\/nrw\/wp-json\/wp\/v2\/media?parent=7331"}],"wp:term":[{"taxonomy":"post_tag","embeddable":true,"href":"https:\/\/www.patientenbeteiligung.de\/nrw\/wp-json\/wp\/v2\/tags?post=7331"},{"taxonomy":"tribe_events_cat","embeddable":true,"href":"https:\/\/www.patientenbeteiligung.de\/nrw\/wp-json\/wp\/v2\/tribe_events_cat?post=7331"}],"curies":[{"name":"wp","href":"https:\/\/api.w.org\/{rel}","templated":true}]}}

<p><strong>Save the date!</strong></p>
<p>Am 27. November 2026 sind wieder alle Mitglieder aus den nordrhein-westfälischen Selbsthilfe- und Patientenorganisationen sowie weitere Interessiere dazu eingeladen, sich im Dortmunder Reinoldinum zur Patientenorientierung des NRW-Gesundheitswesens auszutauschen. Ein Schwerpunktthema wird die anstehende Reform der Primärversorgung sein, die von der Politik auf Landes- und Bundesebene angestoßen wird. Nähere Informationen zur Veranstaltung folgen im Laufe des Jahres.</p>

<p>Save the date! Am 27. November 2026 sind wieder alle Engagierte aus den nordrhein-westfälischen Selbsthilfe- und Patientenorganisationen dazu eingeladen, sich im Dortmunder Reinoldinum zur Patientenorientierung des NRW-Gesundheitswesens auszutauschen. Ein Schwerpunktthema wird die anstehende Reform der Primärversorgung sein, die von der Politik auf Landes- und Bundesebene angestoßen wird. Nähere Informationen zur Veranstaltung folgen in den kommenden Wochen.</p>

<!-- This site is optimized with the Yoast SEO plugin v24.9 - https://yoast.com/wordpress/plugins/seo/ -->
<title>Jahrestagung Patientenbeteiligung NRW - Patientenbeteiligung NRW</title>
<meta name="robots" content="index, follow, max-snippet:-1, max-image-preview:large, max-video-preview:-1" />
<link rel="canonical" href="https://www.patientenbeteiligung.de/nrw/termin/jahrestagung-patientenbeteiligung-nrw/" />
<meta property="og:locale" content="de_DE" />
<meta property="og:type" content="article" />
<meta property="og:title" content="Jahrestagung Patientenbeteiligung NRW - Patientenbeteiligung NRW" />
<meta property="og:description" content="Save the date! Am 27. November 2026 sind wieder alle Engagierte aus den nordrhein-westfälischen Selbsthilfe- und Patientenorganisationen dazu eingeladen, sich im Dortmunder Reinoldinum zur Patientenorientierung des NRW-Gesundheitswesens auszutauschen. Ein Schwerpunktthema wird die anstehende Reform der Primärversorgung sein, die von der Politik auf Landes- und Bundesebene angestoßen wird. Nähere Informationen zur Veranstaltung folgen in den kommenden Wochen." />
<meta property="og:url" content="https://www.patientenbeteiligung.de/nrw/termin/jahrestagung-patientenbeteiligung-nrw/" />
<meta property="og:site_name" content="Patientenbeteiligung NRW" />
<meta property="article:modified_time" content="2026-03-26T10:46:17+00:00" />
<meta property="og:image" content="https://www.patientenbeteiligung.de/nrw/wp-content/uploads/sites/12/2025/12/20251121_141230-scaled.jpg" />
	<meta property="og:image:width" content="2560" />
	<meta property="og:image:height" content="1440" />
	<meta property="og:image:type" content="image/jpeg" />
<meta name="twitter:card" content="summary_large_image" />
<meta name="twitter:label1" content="Geschätzte Lesezeit" />
	<meta name="twitter:data1" content="1 Minute" />
<script type="application/ld+json" class="yoast-schema-graph">{"@context":"https://schema.org","@graph":[{"@type":"WebPage","@id":"https://www.patientenbeteiligung.de/nrw/termin/jahrestagung-patientenbeteiligung-nrw/","url":"https://www.patientenbeteiligung.de/nrw/termin/jahrestagung-patientenbeteiligung-nrw/","name":"Jahrestagung Patientenbeteiligung NRW - Patientenbeteiligung NRW","isPartOf":{"@id":"https://www.patientenbeteiligung.de/nrw/#website"},"primaryImageOfPage":{"@id":"https://www.patientenbeteiligung.de/nrw/termin/jahrestagung-patientenbeteiligung-nrw/#primaryimage"},"image":{"@id":"https://www.patientenbeteiligung.de/nrw/termin/jahrestagung-patientenbeteiligung-nrw/#primaryimage"},"thumbnailUrl":"https://www.patientenbeteiligung.de/nrw/wp-content/uploads/sites/12/2025/12/20251121_141230-scaled.jpg","datePublished":"2026-02-11T15:30:15+00:00","dateModified":"2026-03-26T10:46:17+00:00","breadcrumb":{"@id":"https://www.patientenbeteiligung.de/nrw/termin/jahrestagung-patientenbeteiligung-nrw/#breadcrumb"},"inLanguage":"de","potentialAction":[{"@type":"ReadAction","target":["https://www.patientenbeteiligung.de/nrw/termin/jahrestagung-patientenbeteiligung-nrw/"]}]},{"@type":"ImageObject","inLanguage":"de","@id":"https://www.patientenbeteiligung.de/nrw/termin/jahrestagung-patientenbeteiligung-nrw/#primaryimage","url":"https://www.patientenbeteiligung.de/nrw/wp-content/uploads/sites/12/2025/12/20251121_141230-scaled.jpg","contentUrl":"https://www.patientenbeteiligung.de/nrw/wp-content/uploads/sites/12/2025/12/20251121_141230-scaled.jpg","width":2560,"height":1440,"caption":"Jahrestagung Patientenbeteiligung NRW 2025, © Projektstelle Patientenbeteiligung NRW 2025"},{"@type":"BreadcrumbList","@id":"https://www.patientenbeteiligung.de/nrw/termin/jahrestagung-patientenbeteiligung-nrw/#breadcrumb","itemListElement":[{"@type":"ListItem","position":1,"name":"Patientenbeteiligung","item":"https://www.patientenbeteiligung.de"},{"@type":"ListItem","position":2,"name":"Nordrhein-Westfalen","item":"https://www.patientenbeteiligung.de/nrw/"},{"@type":"ListItem","position":3,"name":"Veranstaltungen","item":"https://www.patientenbeteiligung.de/nrw/termine/"},{"@type":"ListItem","position":4,"name":"Jahrestagung Patientenbeteiligung NRW"}]},{"@type":"WebSite","@id":"https://www.patientenbeteiligung.de/nrw/#website","url":"https://www.patientenbeteiligung.de/nrw/","name":"Patientenbeteiligung NRW","description":"","potentialAction":[{"@type":"SearchAction","target":{"@type":"EntryPoint","urlTemplate":"https://www.patientenbeteiligung.de/nrw/?s={search_term_string}"},"query-input":{"@type":"PropertyValueSpecification","valueRequired":true,"valueName":"search_term_string"}}],"inLanguage":"de"}]}</script>
<!-- / Yoast SEO plugin. -->

Save the date! Am 27. November 2026 sind wieder alle Engagierte aus den nordrhein-westfälischen Selbsthilfe- und Patientenorganisationen dazu eingeladen, sich im Dortmunder Reinoldinum zur Patientenorientierung des NRW-Gesundheitswesens auszutauschen. Ein Schwerpunktthema wird die anstehende Reform der Primärversorgung sein, die von der Politik auf Landes- und Bundesebene angestoßen wird. Nähere Informationen zur Veranstaltung folgen in den kommenden Wochen.
