{"id":102,"date":"2019-07-31T17:50:40","date_gmt":"2019-07-31T15:50:40","guid":{"rendered":"https:\/\/www.patientenbeteiligung.de\/brandenburg\/?page_id=102"},"modified":"2024-06-18T10:19:48","modified_gmt":"2024-06-18T08:19:48","slug":"impressum","status":"publish","type":"page","link":"https:\/\/www.patientenbeteiligung.de\/brandenburg\/impressum\/","title":{"rendered":"Impressum"},"content":{"rendered":"\t\t<div data-elementor-type=\"wp-page\" data-elementor-id=\"102\" class=\"elementor elementor-102\">\n\t\t\t\t\t\t<section class=\"elementor-section elementor-top-section elementor-element elementor-element-645e8f39 elementor-section-boxed elementor-section-height-default elementor-section-height-default\" data-id=\"645e8f39\" data-element_type=\"section\">\n\t\t\t\t\t\t<div class=\"elementor-container elementor-column-gap-default\">\n\t\t\t\t\t<div class=\"elementor-column elementor-col-100 elementor-top-column elementor-element elementor-element-1e72e789\" data-id=\"1e72e789\" data-element_type=\"column\">\n\t\t\t<div class=\"elementor-widget-wrap elementor-element-populated\">\n\t\t\t\t\t\t<div class=\"elementor-element elementor-element-47d05b85 elementor-widget elementor-widget-text-editor\" data-id=\"47d05b85\" data-element_type=\"widget\" data-widget_type=\"text-editor.default\">\n\t\t\t\t<div class=\"elementor-widget-container\">\n\t\t\t\t\t\t\t\t\t<p><\/p>\n<div data-canvas-width=\"318.15999999999985\">Projekttr\u00e4ger und verantwortlich gem\u00e4\u00df \u00a7 5 DDG<\/div>\n<p><\/p>\n<p><\/p>\n<div data-canvas-width=\"318.15999999999985\">&nbsp;<\/div>\n<p><\/p>\n<p><\/p>\n<div data-canvas-width=\"370.2879999999998\"><strong>Landesarbeitsgemeinschaft Selbsthilfe Brandenburg e.V.<\/strong><\/div>\n<p><\/p>\n<p><\/p>\n<div data-canvas-width=\"314.04799999999994\">vertreten durch Astrid Weingardt, 1. Vorsitzende<\/div>\n<p><\/p>\n<p><\/p>\n<div data-canvas-width=\"314.04799999999994\">&nbsp;<\/div>\n<p><\/p>\n<p><\/p>\n<div data-canvas-width=\"235.12\">E-Mail: info (at) lag-selbsthilfe-bb.de<\/div>\n<p><\/p>\n<p><\/p>\n<div data-canvas-width=\"332.12799999999993\">Achtung Spamschutz: Anstelle von (at) @ einsetzen<\/div>\n<p><\/p>\n<p><\/p>\n<div data-canvas-width=\"332.12799999999993\">&nbsp;<\/div>\n<p><\/p>\n<p><\/p>\n<div data-canvas-width=\"59.56799999999999\"><strong>Anschrift<\/strong><\/div>\n<p><\/p>\n<p><\/p>\n<div data-canvas-width=\"258.46400000000006\">Handelsstra\u00dfe 11, 16303 Schwedt\/Oder<\/div>\n<p><\/p>\n<p><\/p>\n<div data-canvas-width=\"128.288\">Tel: 03332 \/ 521735<\/div>\n<p><\/p>\n<p><\/p>\n<div data-canvas-width=\"131.616\">Fax: 03332 \/ 572219<\/div>\n<p><\/p>\n<p><\/p>\n<div data-canvas-width=\"131.616\">&nbsp;<\/div>\n<p><\/p>\n<p><\/p>\n<div data-canvas-width=\"221.95200000000003\">Steuernummer: 062 \/ 140 \/ 01193<\/div>\n<p><\/p>\n<p><\/p>\n<div data-canvas-width=\"335.63200000000006\">Vereinsregister Amtsgericht Neuruppin, VR 4669 NP<\/div>\n<p><\/p>\n<p><\/p>\n<div data-canvas-width=\"335.63200000000006\">&nbsp;<\/div>\n<p><\/p>\n<p><\/p>\n<div data-canvas-width=\"335.63200000000006\">&nbsp;<\/div>\n<p><\/p>\n<p><\/p>\n<div data-canvas-width=\"334.784\">Verantwortlich f\u00fcr den Inhalt nach \u00a7 55 Abs. 2 RStV:<\/div>\n<p><\/p>\n<p><\/p>\n<div data-canvas-width=\"409.6799999999999\"><strong>Koordinierungsstelle der Patientenbeteiligung in Brandenburg<\/strong><\/div>\n<p><\/p>\n<p><\/p>\n<div data-canvas-width=\"409.6799999999999\">&nbsp;<\/div>\n<p><\/p>\n<p><\/p>\n<div data-canvas-width=\"528.3199999999999\">E-Mail: <a href=\"_wp_link_placeholder\" data-wplink-edit=\"true\">patientenbeteiligung@lag-selbsthilfe-bb.de<\/a><\/div>\n<p><\/p>\n<p><\/p>\n<p><\/p>\t\t\t\t\t\t\t\t<\/div>\n\t\t\t\t<\/div>\n\t\t\t\t\t<\/div>\n\t\t<\/div>\n\t\t\t\t\t<\/div>\n\t\t<\/section>\n\t\t\t\t<\/div>\n\t\t","protected":false},"excerpt":{"rendered":"<p>Projekttr\u00e4ger und verantwortlich gem\u00e4\u00df \u00a7 5 DDG &nbsp; Landesarbeitsgemeinschaft Selbsthilfe Brandenburg e.V. vertreten durch Astrid Weingardt, 1. Vorsitzende &nbsp; E-Mail: info (at) lag-selbsthilfe-bb.de Achtung Spamschutz: Anstelle von (at) @ einsetzen &nbsp; Anschrift Handelsstra\u00dfe 11, 16303 Schwedt\/Oder Tel: 03332 \/ 521735 Fax: 03332 \/ 572219 &nbsp; Steuernummer: 062 \/ 140 \/ [&hellip;]<\/p>\n","protected":false},"author":1,"featured_media":0,"parent":0,"menu_order":0,"comment_status":"closed","ping_status":"closed","template":"full-width-page.php","meta":{"_acf_changed":false,"footnotes":""},"class_list":["post-102","page","type-page","status-publish","hentry"],"acf":[],"yoast_head":"<!-- This site is optimized with the Yoast SEO plugin v24.9 - https:\/\/yoast.com\/wordpress\/plugins\/seo\/ -->\n<title>Impressum - Brandenburg<\/title>\n<meta name=\"robots\" content=\"index, follow, max-snippet:-1, max-image-preview:large, max-video-preview:-1\" \/>\n<link rel=\"canonical\" href=\"https:\/\/www.patientenbeteiligung.de\/brandenburg\/impressum\/\" \/>\n<meta property=\"og:locale\" content=\"de_DE\" \/>\n<meta property=\"og:type\" content=\"article\" \/>\n<meta property=\"og:title\" content=\"Impressum - Brandenburg\" \/>\n<meta property=\"og:description\" content=\"Projekttr\u00e4ger und verantwortlich gem\u00e4\u00df \u00a7 5 DDG &nbsp; Landesarbeitsgemeinschaft Selbsthilfe Brandenburg e.V. vertreten durch Astrid Weingardt, 1. Vorsitzende &nbsp; E-Mail: info (at) lag-selbsthilfe-bb.de Achtung Spamschutz: Anstelle von (at) @ einsetzen &nbsp; Anschrift Handelsstra\u00dfe 11, 16303 Schwedt\/Oder Tel: 03332 \/ 521735 Fax: 03332 \/ 572219 &nbsp; Steuernummer: 062 \/ 140 \/ [&hellip;]\" \/>\n<meta property=\"og:url\" content=\"https:\/\/www.patientenbeteiligung.de\/brandenburg\/impressum\/\" \/>\n<meta property=\"og:site_name\" content=\"Brandenburg\" \/>\n<meta property=\"article:modified_time\" content=\"2024-06-18T08:19:48+00:00\" \/>\n<meta name=\"twitter:card\" content=\"summary_large_image\" \/>\n<meta name=\"twitter:label1\" content=\"Gesch\u00e4tzte Lesezeit\" \/>\n\t<meta name=\"twitter:data1\" content=\"1\u00a0Minute\" \/>\n<script type=\"application\/ld+json\" class=\"yoast-schema-graph\">{\"@context\":\"https:\/\/schema.org\",\"@graph\":[{\"@type\":\"WebPage\",\"@id\":\"https:\/\/www.patientenbeteiligung.de\/brandenburg\/impressum\/\",\"url\":\"https:\/\/www.patientenbeteiligung.de\/brandenburg\/impressum\/\",\"name\":\"Impressum - Brandenburg\",\"isPartOf\":{\"@id\":\"https:\/\/www.patientenbeteiligung.de\/brandenburg\/#website\"},\"datePublished\":\"2019-07-31T15:50:40+00:00\",\"dateModified\":\"2024-06-18T08:19:48+00:00\",\"breadcrumb\":{\"@id\":\"https:\/\/www.patientenbeteiligung.de\/brandenburg\/impressum\/#breadcrumb\"},\"inLanguage\":\"de\",\"potentialAction\":[{\"@type\":\"ReadAction\",\"target\":[\"https:\/\/www.patientenbeteiligung.de\/brandenburg\/impressum\/\"]}]},{\"@type\":\"BreadcrumbList\",\"@id\":\"https:\/\/www.patientenbeteiligung.de\/brandenburg\/impressum\/#breadcrumb\",\"itemListElement\":[{\"@type\":\"ListItem\",\"position\":1,\"name\":\"Startseite\",\"item\":\"https:\/\/www.patientenbeteiligung.de\/brandenburg\/\"},{\"@type\":\"ListItem\",\"position\":2,\"name\":\"Impressum\"}]},{\"@type\":\"WebSite\",\"@id\":\"https:\/\/www.patientenbeteiligung.de\/brandenburg\/#website\",\"url\":\"https:\/\/www.patientenbeteiligung.de\/brandenburg\/\",\"name\":\"Brandenburg\",\"description\":\"Patentenbeteiligung in Brandenburg\",\"potentialAction\":[{\"@type\":\"SearchAction\",\"target\":{\"@type\":\"EntryPoint\",\"urlTemplate\":\"https:\/\/www.patientenbeteiligung.de\/brandenburg\/?s={search_term_string}\"},\"query-input\":{\"@type\":\"PropertyValueSpecification\",\"valueRequired\":true,\"valueName\":\"search_term_string\"}}],\"inLanguage\":\"de\"}]}<\/script>\n<!-- \/ Yoast SEO plugin. -->","yoast_head_json":{"title":"Impressum - Brandenburg","robots":{"index":"index","follow":"follow","max-snippet":"max-snippet:-1","max-image-preview":"max-image-preview:large","max-video-preview":"max-video-preview:-1"},"canonical":"https:\/\/www.patientenbeteiligung.de\/brandenburg\/impressum\/","og_locale":"de_DE","og_type":"article","og_title":"Impressum - Brandenburg","og_description":"Projekttr\u00e4ger und verantwortlich gem\u00e4\u00df \u00a7 5 DDG &nbsp; Landesarbeitsgemeinschaft Selbsthilfe Brandenburg e.V. vertreten durch Astrid Weingardt, 1. Vorsitzende &nbsp; E-Mail: info (at) lag-selbsthilfe-bb.de Achtung Spamschutz: Anstelle von (at) @ einsetzen &nbsp; Anschrift Handelsstra\u00dfe 11, 16303 Schwedt\/Oder Tel: 03332 \/ 521735 Fax: 03332 \/ 572219 &nbsp; Steuernummer: 062 \/ 140 \/ [&hellip;]","og_url":"https:\/\/www.patientenbeteiligung.de\/brandenburg\/impressum\/","og_site_name":"Brandenburg","article_modified_time":"2024-06-18T08:19:48+00:00","twitter_card":"summary_large_image","twitter_misc":{"Gesch\u00e4tzte Lesezeit":"1\u00a0Minute"},"schema":{"@context":"https:\/\/schema.org","@graph":[{"@type":"WebPage","@id":"https:\/\/www.patientenbeteiligung.de\/brandenburg\/impressum\/","url":"https:\/\/www.patientenbeteiligung.de\/brandenburg\/impressum\/","name":"Impressum - Brandenburg","isPartOf":{"@id":"https:\/\/www.patientenbeteiligung.de\/brandenburg\/#website"},"datePublished":"2019-07-31T15:50:40+00:00","dateModified":"2024-06-18T08:19:48+00:00","breadcrumb":{"@id":"https:\/\/www.patientenbeteiligung.de\/brandenburg\/impressum\/#breadcrumb"},"inLanguage":"de","potentialAction":[{"@type":"ReadAction","target":["https:\/\/www.patientenbeteiligung.de\/brandenburg\/impressum\/"]}]},{"@type":"BreadcrumbList","@id":"https:\/\/www.patientenbeteiligung.de\/brandenburg\/impressum\/#breadcrumb","itemListElement":[{"@type":"ListItem","position":1,"name":"Startseite","item":"https:\/\/www.patientenbeteiligung.de\/brandenburg\/"},{"@type":"ListItem","position":2,"name":"Impressum"}]},{"@type":"WebSite","@id":"https:\/\/www.patientenbeteiligung.de\/brandenburg\/#website","url":"https:\/\/www.patientenbeteiligung.de\/brandenburg\/","name":"Brandenburg","description":"Patentenbeteiligung in Brandenburg","potentialAction":[{"@type":"SearchAction","target":{"@type":"EntryPoint","urlTemplate":"https:\/\/www.patientenbeteiligung.de\/brandenburg\/?s={search_term_string}"},"query-input":{"@type":"PropertyValueSpecification","valueRequired":true,"valueName":"search_term_string"}}],"inLanguage":"de"}]}},"_links":{"self":[{"href":"https:\/\/www.patientenbeteiligung.de\/brandenburg\/wp-json\/wp\/v2\/pages\/102","targetHints":{"allow":["GET"]}}],"collection":[{"href":"https:\/\/www.patientenbeteiligung.de\/brandenburg\/wp-json\/wp\/v2\/pages"}],"about":[{"href":"https:\/\/www.patientenbeteiligung.de\/brandenburg\/wp-json\/wp\/v2\/types\/page"}],"author":[{"embeddable":true,"href":"https:\/\/www.patientenbeteiligung.de\/brandenburg\/wp-json\/wp\/v2\/users\/1"}],"replies":[{"embeddable":true,"href":"https:\/\/www.patientenbeteiligung.de\/brandenburg\/wp-json\/wp\/v2\/comments?post=102"}],"version-history":[{"count":7,"href":"https:\/\/www.patientenbeteiligung.de\/brandenburg\/wp-json\/wp\/v2\/pages\/102\/revisions"}],"predecessor-version":[{"id":836,"href":"https:\/\/www.patientenbeteiligung.de\/brandenburg\/wp-json\/wp\/v2\/pages\/102\/revisions\/836"}],"wp:attachment":[{"href":"https:\/\/www.patientenbeteiligung.de\/brandenburg\/wp-json\/wp\/v2\/media?parent=102"}],"curies":[{"name":"wp","href":"https:\/\/api.w.org\/{rel}","templated":true}]}}