{"id":481,"date":"2024-04-26T11:53:12","date_gmt":"2024-04-26T09:53:12","guid":{"rendered":"https:\/\/www.patientenbeteiligung.de\/berlin\/?page_id=481"},"modified":"2026-04-20T12:52:01","modified_gmt":"2026-04-20T10:52:01","slug":"rueckblick","status":"publish","type":"page","link":"https:\/\/www.patientenbeteiligung.de\/berlin\/ueber-uns\/rueckblick\/","title":{"rendered":"R\u00dcCKBLICK"},"content":{"rendered":"\n<p><\/p>\n\n\n\n<h1 class=\"wp-block-heading\">R\u00fcckblick auf die Koordinierung der Patientenbeteiligung in Berlin<\/h1>\n\n\n\n<p>Lang ist es her: Gerhard Schr\u00f6der war noch Kanzler, als der Bundestag das <strong>Gesundheitsmodernisierungsgesetz<\/strong> beschloss \u2013 und damit die Patientenbeteiligung auf Bundes- und Landesebene. Seit <strong>2004 <\/strong>ist diese im Sozialgesetzbuch festgeschrieben, in \u00a7 140f SGB V.<\/p>\n\n\n\n<p><\/p>\n\n\n\n<p>Mit der Patientenbeteiligungsverordnung wurde genauer geregelt, welche Organisationen anerkannt sind f\u00fcr die Patientenbeteiligung. Auf Landesebene gr\u00fcndeten sieben Selbsthilfe- und Patientenorganisationen den <strong><a href=\"https:\/\/www.patientenbeteiligung.de\/berlin\/ueber-uns\/koordinierungsausschuss\/\">Koordinierungsausschuss Patientenbete<\/a><a href=\"https:\/\/www.patientenbeteiligung.de\/berlin\/entwurf-koordinierungsausschuss\/\">iligung Berlin<\/a><\/strong>. Die Landesvereinigung Selbsthilfe Berlin e.V. \u00fcbernahm die Koordination \u2013 f\u00fcr viele Jahre ehrenamtlich.<\/p>\n\n\n\n<p><\/p>\n\n\n\n<p>Das \u00e4nderte sich <strong>2020<\/strong>: Die <strong>Senatsverwaltung f\u00fcr Wissenschaft, Gesundheit und Pflege<\/strong> machte eine hauptamtliche Koordination m\u00f6glich und f\u00f6rdert seitdem die <strong><a href=\"https:\/\/www.patientenbeteiligung.de\/berlin\/ueber-uns\/koordinierungsstelle\/\">Koordinierungsstelle Patientenvertretung Berlin<\/a><\/strong> durch das <a href=\"https:\/\/www.berlin.de\/lageso\/soziales\/zuwendung\/integriertes-gesundheitsprogramm\/\" target=\"_blank\" rel=\"noreferrer noopener\">&#8220;Integrierte Gesundheitsprogramm&#8221; (IGP)<\/a>. Diese F\u00f6rderung gew\u00e4hrleistet es, neue Patientenvertreter:innen zu gewinnen, diese zu vernetzen und die \u00d6ffentlichkeit zu informieren.<\/p>\n\n\n\n<p><\/p>\n\n\n\n<p>Seit <strong>2023<\/strong> erstattet der <strong>Landesausschuss der \u00c4rzte und Krankenkassen<\/strong> Aufwendungen f\u00fcr koordinierende Ma\u00dfnahmen, wie es in \u00a7 140f SGB V vorgesehen ist. Diese Erstattung beschr\u00e4nkt sich aber auf wenige Aufgaben wie die Sitzungsvorbereitung f\u00fcr einzelne Gremien. Der Gro\u00dfteil der Aufgaben wird weiter durch den Senat finanziert.<\/p>\n\n\n\n<p><\/p>\n\n\n\n<p><strong>2024<\/strong> feierte die Patientenvertretung bundesweit <strong>20-j\u00e4hriges Jublil\u00e4um<\/strong>. Der Patientenbeauftragte lud zu einem <a href=\"https:\/\/patientenbeauftragter.de\/2024\/02\/14\/festakt-patientenfuersprechertag-mit-festakt-20-jahre-patientenbeteiligung\/\" target=\"_blank\" rel=\"noreferrer noopener\">Festakt<\/a> ein \u2013 hier gab die Berliner Patientenvertretung einen Einblick in die Beteiligung auf Landesebene.<\/p>\n","protected":false},"excerpt":{"rendered":"<p>R\u00fcckblick auf die Koordinierung der Patientenbeteiligung in Berlin Lang ist es her: Gerhard Schr\u00f6der war noch Kanzler, als der Bundestag das Gesundheitsmodernisierungsgesetz beschloss \u2013 und damit die Patientenbeteiligung auf Bundes- und Landesebene. Seit 2004 ist diese im Sozialgesetzbuch festgeschrieben, in \u00a7 140f SGB V. Mit der Patientenbeteiligungsverordnung wurde genauer geregelt, [&hellip;]<\/p>\n","protected":false},"author":12,"featured_media":0,"parent":510,"menu_order":14,"comment_status":"closed","ping_status":"closed","template":"","meta":{"_acf_changed":false,"footnotes":""},"class_list":["post-481","page","type-page","status-publish","hentry"],"acf":[],"yoast_head":"<!-- This site is optimized with the Yoast SEO plugin v24.9 - https:\/\/yoast.com\/wordpress\/plugins\/seo\/ -->\n<title>R\u00dcCKBLICK<\/title>\n<meta name=\"robots\" content=\"index, nofollow, max-snippet:-1, max-image-preview:large, max-video-preview:-1\" \/>\n<link rel=\"canonical\" href=\"https:\/\/www.patientenbeteiligung.de\/berlin\/ueber-uns\/rueckblick\/\" \/>\n<meta property=\"og:locale\" content=\"de_DE\" \/>\n<meta property=\"og:type\" content=\"article\" \/>\n<meta property=\"og:title\" content=\"R\u00dcCKBLICK\" \/>\n<meta property=\"og:description\" content=\"R\u00fcckblick auf die Koordinierung der Patientenbeteiligung in Berlin Lang ist es her: Gerhard Schr\u00f6der war noch Kanzler, als der Bundestag das Gesundheitsmodernisierungsgesetz beschloss \u2013 und damit die Patientenbeteiligung auf Bundes- und Landesebene. Seit 2004 ist diese im Sozialgesetzbuch festgeschrieben, in \u00a7 140f SGB V. Mit der Patientenbeteiligungsverordnung wurde genauer geregelt, [&hellip;]\" \/>\n<meta property=\"og:url\" content=\"https:\/\/www.patientenbeteiligung.de\/berlin\/ueber-uns\/rueckblick\/\" \/>\n<meta property=\"og:site_name\" content=\"Berlin\" \/>\n<meta property=\"article:modified_time\" content=\"2026-04-20T10:52:01+00:00\" \/>\n<meta name=\"twitter:card\" content=\"summary_large_image\" \/>\n<meta name=\"twitter:label1\" content=\"Gesch\u00e4tzte Lesezeit\" \/>\n\t<meta name=\"twitter:data1\" content=\"2\u00a0Minuten\" \/>\n<script type=\"application\/ld+json\" class=\"yoast-schema-graph\">{\"@context\":\"https:\/\/schema.org\",\"@graph\":[{\"@type\":\"WebPage\",\"@id\":\"https:\/\/www.patientenbeteiligung.de\/berlin\/ueber-uns\/rueckblick\/\",\"url\":\"https:\/\/www.patientenbeteiligung.de\/berlin\/ueber-uns\/rueckblick\/\",\"name\":\"R\u00dcCKBLICK\",\"isPartOf\":{\"@id\":\"https:\/\/www.patientenbeteiligung.de\/berlin\/#website\"},\"datePublished\":\"2024-04-26T09:53:12+00:00\",\"dateModified\":\"2026-04-20T10:52:01+00:00\",\"breadcrumb\":{\"@id\":\"https:\/\/www.patientenbeteiligung.de\/berlin\/ueber-uns\/rueckblick\/#breadcrumb\"},\"inLanguage\":\"de\",\"potentialAction\":[{\"@type\":\"ReadAction\",\"target\":[\"https:\/\/www.patientenbeteiligung.de\/berlin\/ueber-uns\/rueckblick\/\"]}]},{\"@type\":\"BreadcrumbList\",\"@id\":\"https:\/\/www.patientenbeteiligung.de\/berlin\/ueber-uns\/rueckblick\/#breadcrumb\",\"itemListElement\":[{\"@type\":\"ListItem\",\"position\":1,\"name\":\"Startseite\",\"item\":\"https:\/\/www.patientenbeteiligung.de\/berlin\/\"},{\"@type\":\"ListItem\",\"position\":2,\"name\":\"\u00dcBER UNS\",\"item\":\"https:\/\/www.patientenbeteiligung.de\/berlin\/ueber-uns\/\"},{\"@type\":\"ListItem\",\"position\":3,\"name\":\"R\u00dcCKBLICK\"}]},{\"@type\":\"WebSite\",\"@id\":\"https:\/\/www.patientenbeteiligung.de\/berlin\/#website\",\"url\":\"https:\/\/www.patientenbeteiligung.de\/berlin\/\",\"name\":\"Berlin\",\"description\":\"Koordinierung und Vernetzung der Patientenvertretung in Berlin\",\"potentialAction\":[{\"@type\":\"SearchAction\",\"target\":{\"@type\":\"EntryPoint\",\"urlTemplate\":\"https:\/\/www.patientenbeteiligung.de\/berlin\/?s={search_term_string}\"},\"query-input\":{\"@type\":\"PropertyValueSpecification\",\"valueRequired\":true,\"valueName\":\"search_term_string\"}}],\"inLanguage\":\"de\"}]}<\/script>\n<!-- \/ Yoast SEO plugin. -->","yoast_head_json":{"title":"R\u00dcCKBLICK","robots":{"index":"index","follow":"nofollow","max-snippet":"max-snippet:-1","max-image-preview":"max-image-preview:large","max-video-preview":"max-video-preview:-1"},"canonical":"https:\/\/www.patientenbeteiligung.de\/berlin\/ueber-uns\/rueckblick\/","og_locale":"de_DE","og_type":"article","og_title":"R\u00dcCKBLICK","og_description":"R\u00fcckblick auf die Koordinierung der Patientenbeteiligung in Berlin Lang ist es her: Gerhard Schr\u00f6der war noch Kanzler, als der Bundestag das Gesundheitsmodernisierungsgesetz beschloss \u2013 und damit die Patientenbeteiligung auf Bundes- und Landesebene. Seit 2004 ist diese im Sozialgesetzbuch festgeschrieben, in \u00a7 140f SGB V. Mit der Patientenbeteiligungsverordnung wurde genauer geregelt, [&hellip;]","og_url":"https:\/\/www.patientenbeteiligung.de\/berlin\/ueber-uns\/rueckblick\/","og_site_name":"Berlin","article_modified_time":"2026-04-20T10:52:01+00:00","twitter_card":"summary_large_image","twitter_misc":{"Gesch\u00e4tzte Lesezeit":"2\u00a0Minuten"},"schema":{"@context":"https:\/\/schema.org","@graph":[{"@type":"WebPage","@id":"https:\/\/www.patientenbeteiligung.de\/berlin\/ueber-uns\/rueckblick\/","url":"https:\/\/www.patientenbeteiligung.de\/berlin\/ueber-uns\/rueckblick\/","name":"R\u00dcCKBLICK","isPartOf":{"@id":"https:\/\/www.patientenbeteiligung.de\/berlin\/#website"},"datePublished":"2024-04-26T09:53:12+00:00","dateModified":"2026-04-20T10:52:01+00:00","breadcrumb":{"@id":"https:\/\/www.patientenbeteiligung.de\/berlin\/ueber-uns\/rueckblick\/#breadcrumb"},"inLanguage":"de","potentialAction":[{"@type":"ReadAction","target":["https:\/\/www.patientenbeteiligung.de\/berlin\/ueber-uns\/rueckblick\/"]}]},{"@type":"BreadcrumbList","@id":"https:\/\/www.patientenbeteiligung.de\/berlin\/ueber-uns\/rueckblick\/#breadcrumb","itemListElement":[{"@type":"ListItem","position":1,"name":"Startseite","item":"https:\/\/www.patientenbeteiligung.de\/berlin\/"},{"@type":"ListItem","position":2,"name":"\u00dcBER UNS","item":"https:\/\/www.patientenbeteiligung.de\/berlin\/ueber-uns\/"},{"@type":"ListItem","position":3,"name":"R\u00dcCKBLICK"}]},{"@type":"WebSite","@id":"https:\/\/www.patientenbeteiligung.de\/berlin\/#website","url":"https:\/\/www.patientenbeteiligung.de\/berlin\/","name":"Berlin","description":"Koordinierung und Vernetzung der Patientenvertretung in Berlin","potentialAction":[{"@type":"SearchAction","target":{"@type":"EntryPoint","urlTemplate":"https:\/\/www.patientenbeteiligung.de\/berlin\/?s={search_term_string}"},"query-input":{"@type":"PropertyValueSpecification","valueRequired":true,"valueName":"search_term_string"}}],"inLanguage":"de"}]}},"_links":{"self":[{"href":"https:\/\/www.patientenbeteiligung.de\/berlin\/wp-json\/wp\/v2\/pages\/481","targetHints":{"allow":["GET"]}}],"collection":[{"href":"https:\/\/www.patientenbeteiligung.de\/berlin\/wp-json\/wp\/v2\/pages"}],"about":[{"href":"https:\/\/www.patientenbeteiligung.de\/berlin\/wp-json\/wp\/v2\/types\/page"}],"author":[{"embeddable":true,"href":"https:\/\/www.patientenbeteiligung.de\/berlin\/wp-json\/wp\/v2\/users\/12"}],"replies":[{"embeddable":true,"href":"https:\/\/www.patientenbeteiligung.de\/berlin\/wp-json\/wp\/v2\/comments?post=481"}],"version-history":[{"count":26,"href":"https:\/\/www.patientenbeteiligung.de\/berlin\/wp-json\/wp\/v2\/pages\/481\/revisions"}],"predecessor-version":[{"id":843,"href":"https:\/\/www.patientenbeteiligung.de\/berlin\/wp-json\/wp\/v2\/pages\/481\/revisions\/843"}],"up":[{"embeddable":true,"href":"https:\/\/www.patientenbeteiligung.de\/berlin\/wp-json\/wp\/v2\/pages\/510"}],"wp:attachment":[{"href":"https:\/\/www.patientenbeteiligung.de\/berlin\/wp-json\/wp\/v2\/media?parent=481"}],"curies":[{"name":"wp","href":"https:\/\/api.w.org\/{rel}","templated":true}]}}

RÜCKBLICK

<p></p>



<h1 class="wp-block-heading">Rückblick auf die Koordinierung der Patientenbeteiligung in Berlin</h1>



<p>Lang ist es her: Gerhard Schröder war noch Kanzler, als der Bundestag das <strong>Gesundheitsmodernisierungsgesetz</strong> beschloss – und damit die Patientenbeteiligung auf Bundes- und Landesebene. Seit <strong>2004 </strong>ist diese im Sozialgesetzbuch festgeschrieben, in § 140f SGB V.</p>



<p></p>



<p>Mit der Patientenbeteiligungsverordnung wurde genauer geregelt, welche Organisationen anerkannt sind für die Patientenbeteiligung. Auf Landesebene gründeten sieben Selbsthilfe- und Patientenorganisationen den <strong><a href="https://www.patientenbeteiligung.de/berlin/ueber-uns/koordinierungsausschuss/">Koordinierungsausschuss Patientenbete</a><a href="https://www.patientenbeteiligung.de/berlin/entwurf-koordinierungsausschuss/">iligung Berlin</a></strong>. Die Landesvereinigung Selbsthilfe Berlin e.V. übernahm die Koordination – für viele Jahre ehrenamtlich.</p>



<p></p>



<p>Das änderte sich <strong>2020</strong>: Die <strong>Senatsverwaltung für Wissenschaft, Gesundheit und Pflege</strong> machte eine hauptamtliche Koordination möglich und fördert seitdem die <strong><a href="https://www.patientenbeteiligung.de/berlin/ueber-uns/koordinierungsstelle/">Koordinierungsstelle Patientenvertretung Berlin</a></strong> durch das <a href="https://www.berlin.de/lageso/soziales/zuwendung/integriertes-gesundheitsprogramm/" target="_blank" rel="noreferrer noopener">&#8220;Integrierte Gesundheitsprogramm&#8221; (IGP)</a>. Diese Förderung gewährleistet es, neue Patientenvertreter:innen zu gewinnen, diese zu vernetzen und die Öffentlichkeit zu informieren.</p>



<p></p>



<p>Seit <strong>2023</strong> erstattet der <strong>Landesausschuss der Ärzte und Krankenkassen</strong> Aufwendungen für koordinierende Maßnahmen, wie es in § 140f SGB V vorgesehen ist. Diese Erstattung beschränkt sich aber auf wenige Aufgaben wie die Sitzungsvorbereitung für einzelne Gremien. Der Großteil der Aufgaben wird weiter durch den Senat finanziert.</p>



<p></p>



<p><strong>2024</strong> feierte die Patientenvertretung bundesweit <strong>20-jähriges Jubliläum</strong>. Der Patientenbeauftragte lud zu einem <a href="https://patientenbeauftragter.de/2024/02/14/festakt-patientenfuersprechertag-mit-festakt-20-jahre-patientenbeteiligung/" target="_blank" rel="noreferrer noopener">Festakt</a> ein – hier gab die Berliner Patientenvertretung einen Einblick in die Beteiligung auf Landesebene.</p>

<p>Rückblick auf die Koordinierung der Patientenbeteiligung in Berlin Lang ist es her: Gerhard Schröder war noch Kanzler, als der Bundestag das Gesundheitsmodernisierungsgesetz beschloss – und damit die Patientenbeteiligung auf Bundes- und Landesebene. Seit 2004 ist diese im Sozialgesetzbuch festgeschrieben, in § 140f SGB V. Mit der Patientenbeteiligungsverordnung wurde genauer geregelt, [&hellip;]</p>

<!-- This site is optimized with the Yoast SEO plugin v24.9 - https://yoast.com/wordpress/plugins/seo/ -->
<title>RÜCKBLICK</title>
<meta name="robots" content="index, nofollow, max-snippet:-1, max-image-preview:large, max-video-preview:-1" />
<link rel="canonical" href="https://www.patientenbeteiligung.de/berlin/ueber-uns/rueckblick/" />
<meta property="og:locale" content="de_DE" />
<meta property="og:type" content="article" />
<meta property="og:title" content="RÜCKBLICK" />
<meta property="og:description" content="Rückblick auf die Koordinierung der Patientenbeteiligung in Berlin Lang ist es her: Gerhard Schröder war noch Kanzler, als der Bundestag das Gesundheitsmodernisierungsgesetz beschloss – und damit die Patientenbeteiligung auf Bundes- und Landesebene. Seit 2004 ist diese im Sozialgesetzbuch festgeschrieben, in § 140f SGB V. Mit der Patientenbeteiligungsverordnung wurde genauer geregelt, [&hellip;]" />
<meta property="og:url" content="https://www.patientenbeteiligung.de/berlin/ueber-uns/rueckblick/" />
<meta property="og:site_name" content="Berlin" />
<meta property="article:modified_time" content="2026-04-20T10:52:01+00:00" />
<meta name="twitter:card" content="summary_large_image" />
<meta name="twitter:label1" content="Geschätzte Lesezeit" />
	<meta name="twitter:data1" content="2 Minuten" />
<script type="application/ld+json" class="yoast-schema-graph">{"@context":"https://schema.org","@graph":[{"@type":"WebPage","@id":"https://www.patientenbeteiligung.de/berlin/ueber-uns/rueckblick/","url":"https://www.patientenbeteiligung.de/berlin/ueber-uns/rueckblick/","name":"RÜCKBLICK","isPartOf":{"@id":"https://www.patientenbeteiligung.de/berlin/#website"},"datePublished":"2024-04-26T09:53:12+00:00","dateModified":"2026-04-20T10:52:01+00:00","breadcrumb":{"@id":"https://www.patientenbeteiligung.de/berlin/ueber-uns/rueckblick/#breadcrumb"},"inLanguage":"de","potentialAction":[{"@type":"ReadAction","target":["https://www.patientenbeteiligung.de/berlin/ueber-uns/rueckblick/"]}]},{"@type":"BreadcrumbList","@id":"https://www.patientenbeteiligung.de/berlin/ueber-uns/rueckblick/#breadcrumb","itemListElement":[{"@type":"ListItem","position":1,"name":"Startseite","item":"https://www.patientenbeteiligung.de/berlin/"},{"@type":"ListItem","position":2,"name":"ÜBER UNS","item":"https://www.patientenbeteiligung.de/berlin/ueber-uns/"},{"@type":"ListItem","position":3,"name":"RÜCKBLICK"}]},{"@type":"WebSite","@id":"https://www.patientenbeteiligung.de/berlin/#website","url":"https://www.patientenbeteiligung.de/berlin/","name":"Berlin","description":"Koordinierung und Vernetzung der Patientenvertretung in Berlin","potentialAction":[{"@type":"SearchAction","target":{"@type":"EntryPoint","urlTemplate":"https://www.patientenbeteiligung.de/berlin/?s={search_term_string}"},"query-input":{"@type":"PropertyValueSpecification","valueRequired":true,"valueName":"search_term_string"}}],"inLanguage":"de"}]}</script>
<!-- / Yoast SEO plugin. -->

Rückblick auf die Koordinierung der Patientenbeteiligung in Berlin Lang ist es her: Gerhard Schröder war noch Kanzler, als der Bundestag das Gesundheitsmodernisierungsgesetz beschloss – und damit die Patientenbeteiligung auf Bundes- und Landesebene. Seit 2004 ist diese im Sozialgesetzbuch festgeschrieben, in § 140f SGB V. Mit der Patientenbeteiligungsverordnung wurde genauer geregelt, [&hellip;]

ÜBER UNS
