{"id":163,"date":"2021-11-08T13:16:29","date_gmt":"2021-11-08T12:16:29","guid":{"rendered":"https:\/\/www.patientenbeteiligung.de\/berlin\/?page_id=163"},"modified":"2024-10-02T10:11:56","modified_gmt":"2024-10-02T08:11:56","slug":"ehrenamt","status":"publish","type":"page","link":"https:\/\/www.patientenbeteiligung.de\/berlin\/ehrenamt\/","title":{"rendered":"EHRENAMT"},"content":{"rendered":"\n<h2 class=\"wp-block-heading\">Aktiv werden als Patientenvertreter:in<\/h2>\n\n\n\n<p><strong>Als Patientenvertreter:in st\u00e4rken Sie die Anliegen von Patient:innen in der Gesundheitsversorgung. <\/strong>Patientenvertreter:innen engagieren sich ehrenamtlich. Daf\u00fcr gibt es gute Rahmenbedingungen \u2013 und bestimmte Voraussetzungen.<\/p>\n\n\n\n<h2 class=\"wp-block-heading\">Gute Rahmenbedingungen<\/h2>\n\n\n\n<ul class=\"wp-block-list\">\n<li><strong>Patientenvertretung im Team:<\/strong> Als Patientenvertreter:in sind Sie im Austausch mit anderen Patientenvertreter:innen \u2013 und die Koordinierungsstelle Patientenvertretung ist an Ihrer Seite.<\/li>\n\n\n\n<li><strong>Umfang und Zeit:<\/strong> Der zeitliche Umfang und der Ort (Pr\u00e4senz- oder Onlinetreffen) h\u00e4ngt ab von dem Gremium, in dem Sie sich engagieren. Wir informieren gerne hierzu \u2013 und suchen Stellvertretungen, damit niemand \u00fcberfordert ist.<\/li>\n\n\n\n<li><strong>Aufwandsentsch\u00e4digung: <\/strong>Als Patientenvertreter:in erhalten Sie eine Aufwandsentsch\u00e4digung.<\/li>\n<\/ul>\n\n\n\n<h2 class=\"wp-block-heading\">Voraussetzungen<\/h2>\n\n\n\n<ol start=\"1\" class=\"wp-block-list\">\n<li><strong>Gemeinsame Erfahrung<\/strong>: Als Patientenvertreter:in setzen Sie sich f\u00fcr gemeinsame Patienteninteressen ein. Um gemeinsame Erfahrungen einbringen zu k\u00f6nnen, ist die Mitwirkung in einer <a href=\"https:\/\/www.patientenbeteiligung.de\/berlin\/ueber-uns\/koordinierungsausschuss\/\">anerkannten Selbsthilfe- oder Patientenorganisation<\/a> erforderlich.<\/li>\n<\/ol>\n\n\n\n<ol start=\"2\" class=\"wp-block-list\">\n<li><strong>Sachkunde: <\/strong>Patientenvertreter:innen haben Kenntnisse \u00fcber das Gesundheitssystem oder einzelne Erkrankungen und Versorgungsbereiche.<\/li>\n\n\n\n<li><strong>Unabh\u00e4ngigkeit:<\/strong> Patientenvertreter:innen sind unabh\u00e4ngig von den anderen Akteur:innen. Das hei\u00dft, Sie sind nicht t\u00e4tig<br>\u2013 als Leistungserbringer (\u00c4rzt:in, Psychotherapeut:in, Krankenhaus)<br>\u2013 f\u00fcr eine Krankenkasse<br>\u2013 f\u00fcr ein Wirtschaftsunternehmen im Gesundheitswesen<\/li>\n<\/ol>\n\n\n\n<h2 class=\"wp-block-heading\">Sie wollen mehr erfahren?<\/h2>\n\n\n\n<p>Wir informieren Sie gerne genauer \u2013 <a href=\"https:\/\/www.patientenbeteiligung.de\/berlin\/kontakt\/\">vereinbaren Sie ein Beratungsgespr\u00e4ch<\/a>.<\/p>\n\n\n\n<div style=\"height:100px\" aria-hidden=\"true\" class=\"wp-block-spacer\"><\/div>\n","protected":false},"excerpt":{"rendered":"<p>Aktiv werden als Patientenvertreter:in Als Patientenvertreter:in st\u00e4rken Sie die Anliegen von Patient:innen in der Gesundheitsversorgung. Patientenvertreter:innen engagieren sich ehrenamtlich. Daf\u00fcr gibt es gute Rahmenbedingungen \u2013 und bestimmte Voraussetzungen. Gute Rahmenbedingungen Voraussetzungen Sie wollen mehr erfahren? Wir informieren Sie gerne genauer \u2013 vereinbaren Sie ein Beratungsgespr\u00e4ch.<\/p>\n","protected":false},"author":12,"featured_media":0,"parent":0,"menu_order":40,"comment_status":"closed","ping_status":"closed","template":"","meta":{"_acf_changed":false,"footnotes":""},"class_list":["post-163","page","type-page","status-publish","hentry"],"acf":[],"yoast_head":"<!-- This site is optimized with the Yoast SEO plugin v24.9 - https:\/\/yoast.com\/wordpress\/plugins\/seo\/ -->\n<title>EHRENAMT<\/title>\n<meta name=\"robots\" content=\"index, follow, max-snippet:-1, max-image-preview:large, max-video-preview:-1\" \/>\n<link rel=\"canonical\" href=\"https:\/\/www.patientenbeteiligung.de\/berlin\/ehrenamt\/\" \/>\n<meta property=\"og:locale\" content=\"de_DE\" \/>\n<meta property=\"og:type\" content=\"article\" \/>\n<meta property=\"og:title\" content=\"EHRENAMT\" \/>\n<meta property=\"og:description\" content=\"Aktiv werden als Patientenvertreter:in Als Patientenvertreter:in st\u00e4rken Sie die Anliegen von Patient:innen in der Gesundheitsversorgung. Patientenvertreter:innen engagieren sich ehrenamtlich. Daf\u00fcr gibt es gute Rahmenbedingungen \u2013 und bestimmte Voraussetzungen. Gute Rahmenbedingungen Voraussetzungen Sie wollen mehr erfahren? Wir informieren Sie gerne genauer \u2013 vereinbaren Sie ein Beratungsgespr\u00e4ch.\" \/>\n<meta property=\"og:url\" content=\"https:\/\/www.patientenbeteiligung.de\/berlin\/ehrenamt\/\" \/>\n<meta property=\"og:site_name\" content=\"Berlin\" \/>\n<meta property=\"article:modified_time\" content=\"2024-10-02T08:11:56+00:00\" \/>\n<meta name=\"twitter:card\" content=\"summary_large_image\" \/>\n<meta name=\"twitter:label1\" content=\"Gesch\u00e4tzte Lesezeit\" \/>\n\t<meta name=\"twitter:data1\" content=\"1\u00a0Minute\" \/>\n<script type=\"application\/ld+json\" class=\"yoast-schema-graph\">{\"@context\":\"https:\/\/schema.org\",\"@graph\":[{\"@type\":\"WebPage\",\"@id\":\"https:\/\/www.patientenbeteiligung.de\/berlin\/ehrenamt\/\",\"url\":\"https:\/\/www.patientenbeteiligung.de\/berlin\/ehrenamt\/\",\"name\":\"EHRENAMT\",\"isPartOf\":{\"@id\":\"https:\/\/www.patientenbeteiligung.de\/berlin\/#website\"},\"datePublished\":\"2021-11-08T12:16:29+00:00\",\"dateModified\":\"2024-10-02T08:11:56+00:00\",\"breadcrumb\":{\"@id\":\"https:\/\/www.patientenbeteiligung.de\/berlin\/ehrenamt\/#breadcrumb\"},\"inLanguage\":\"de\",\"potentialAction\":[{\"@type\":\"ReadAction\",\"target\":[\"https:\/\/www.patientenbeteiligung.de\/berlin\/ehrenamt\/\"]}]},{\"@type\":\"BreadcrumbList\",\"@id\":\"https:\/\/www.patientenbeteiligung.de\/berlin\/ehrenamt\/#breadcrumb\",\"itemListElement\":[{\"@type\":\"ListItem\",\"position\":1,\"name\":\"Startseite\",\"item\":\"https:\/\/www.patientenbeteiligung.de\/berlin\/\"},{\"@type\":\"ListItem\",\"position\":2,\"name\":\"EHRENAMT\"}]},{\"@type\":\"WebSite\",\"@id\":\"https:\/\/www.patientenbeteiligung.de\/berlin\/#website\",\"url\":\"https:\/\/www.patientenbeteiligung.de\/berlin\/\",\"name\":\"Berlin\",\"description\":\"Koordinierung und Vernetzung der Patientenvertretung in Berlin\",\"potentialAction\":[{\"@type\":\"SearchAction\",\"target\":{\"@type\":\"EntryPoint\",\"urlTemplate\":\"https:\/\/www.patientenbeteiligung.de\/berlin\/?s={search_term_string}\"},\"query-input\":{\"@type\":\"PropertyValueSpecification\",\"valueRequired\":true,\"valueName\":\"search_term_string\"}}],\"inLanguage\":\"de\"}]}<\/script>\n<!-- \/ Yoast SEO plugin. -->","yoast_head_json":{"title":"EHRENAMT","robots":{"index":"index","follow":"follow","max-snippet":"max-snippet:-1","max-image-preview":"max-image-preview:large","max-video-preview":"max-video-preview:-1"},"canonical":"https:\/\/www.patientenbeteiligung.de\/berlin\/ehrenamt\/","og_locale":"de_DE","og_type":"article","og_title":"EHRENAMT","og_description":"Aktiv werden als Patientenvertreter:in Als Patientenvertreter:in st\u00e4rken Sie die Anliegen von Patient:innen in der Gesundheitsversorgung. Patientenvertreter:innen engagieren sich ehrenamtlich. Daf\u00fcr gibt es gute Rahmenbedingungen \u2013 und bestimmte Voraussetzungen. Gute Rahmenbedingungen Voraussetzungen Sie wollen mehr erfahren? Wir informieren Sie gerne genauer \u2013 vereinbaren Sie ein Beratungsgespr\u00e4ch.","og_url":"https:\/\/www.patientenbeteiligung.de\/berlin\/ehrenamt\/","og_site_name":"Berlin","article_modified_time":"2024-10-02T08:11:56+00:00","twitter_card":"summary_large_image","twitter_misc":{"Gesch\u00e4tzte Lesezeit":"1\u00a0Minute"},"schema":{"@context":"https:\/\/schema.org","@graph":[{"@type":"WebPage","@id":"https:\/\/www.patientenbeteiligung.de\/berlin\/ehrenamt\/","url":"https:\/\/www.patientenbeteiligung.de\/berlin\/ehrenamt\/","name":"EHRENAMT","isPartOf":{"@id":"https:\/\/www.patientenbeteiligung.de\/berlin\/#website"},"datePublished":"2021-11-08T12:16:29+00:00","dateModified":"2024-10-02T08:11:56+00:00","breadcrumb":{"@id":"https:\/\/www.patientenbeteiligung.de\/berlin\/ehrenamt\/#breadcrumb"},"inLanguage":"de","potentialAction":[{"@type":"ReadAction","target":["https:\/\/www.patientenbeteiligung.de\/berlin\/ehrenamt\/"]}]},{"@type":"BreadcrumbList","@id":"https:\/\/www.patientenbeteiligung.de\/berlin\/ehrenamt\/#breadcrumb","itemListElement":[{"@type":"ListItem","position":1,"name":"Startseite","item":"https:\/\/www.patientenbeteiligung.de\/berlin\/"},{"@type":"ListItem","position":2,"name":"EHRENAMT"}]},{"@type":"WebSite","@id":"https:\/\/www.patientenbeteiligung.de\/berlin\/#website","url":"https:\/\/www.patientenbeteiligung.de\/berlin\/","name":"Berlin","description":"Koordinierung und Vernetzung der Patientenvertretung in Berlin","potentialAction":[{"@type":"SearchAction","target":{"@type":"EntryPoint","urlTemplate":"https:\/\/www.patientenbeteiligung.de\/berlin\/?s={search_term_string}"},"query-input":{"@type":"PropertyValueSpecification","valueRequired":true,"valueName":"search_term_string"}}],"inLanguage":"de"}]}},"_links":{"self":[{"href":"https:\/\/www.patientenbeteiligung.de\/berlin\/wp-json\/wp\/v2\/pages\/163","targetHints":{"allow":["GET"]}}],"collection":[{"href":"https:\/\/www.patientenbeteiligung.de\/berlin\/wp-json\/wp\/v2\/pages"}],"about":[{"href":"https:\/\/www.patientenbeteiligung.de\/berlin\/wp-json\/wp\/v2\/types\/page"}],"author":[{"embeddable":true,"href":"https:\/\/www.patientenbeteiligung.de\/berlin\/wp-json\/wp\/v2\/users\/12"}],"replies":[{"embeddable":true,"href":"https:\/\/www.patientenbeteiligung.de\/berlin\/wp-json\/wp\/v2\/comments?post=163"}],"version-history":[{"count":21,"href":"https:\/\/www.patientenbeteiligung.de\/berlin\/wp-json\/wp\/v2\/pages\/163\/revisions"}],"predecessor-version":[{"id":741,"href":"https:\/\/www.patientenbeteiligung.de\/berlin\/wp-json\/wp\/v2\/pages\/163\/revisions\/741"}],"wp:attachment":[{"href":"https:\/\/www.patientenbeteiligung.de\/berlin\/wp-json\/wp\/v2\/media?parent=163"}],"curies":[{"name":"wp","href":"https:\/\/api.w.org\/{rel}","templated":true}]}}